ber?
True
Is 2120327 a prime number?
False
Is 96553 a prime number?
True
Is 188891 prime?
True
Is 2333 composite?
False
Is 44637 prime?
False
Is 25013 composite?
False
Is 52637 a prime number?
False
Is 232763 composite?
True
Is 572867 prime?
True
Is 3683 a prime number?
False
Is 5961 a composite number?
True
Is 60637 a composite number?
False
Is 54751 composite?
False
Is 59833 prime?
True
Is 27011 composite?
False
Is 5113 a composite number?
False
Is 1476169 prime?
True
Is 52835 composite?
True
Is 44537 a prime number?
True
Is 8791 composite?
True
Is 4190411 composite?
False
Is 407 composite?
True
Is 2161 composite?
False
Is 32713 a prime number?
True
Is 15091 composite?
False
Is 22469 composite?
False
Is 504181 a prime number?
True
Is 288395 composite?
True
Is 93693 a composite number?
True
Is 637933 a prime number?
True
Is 65789 composite?
False
Is 22861 a prime number?
True
Is 257605 a composite number?
True
Is 221797 composite?
False
Is 121778 a composite number?
True
Is 32869 a prime number?
True
Is 30259 a prime number?
True
Is 101951 a prime number?
False
Is 873413 composite?
True
Is 18805 a prime number?
False
Is 22433 composite?
False
Is 21179 a composite number?
False
Is 2211061 composite?
False
Is 394393 a composite number?
False
Is 1511 a prime number?
True
Is 1070263 composite?
True
Is 954491 a composite number?
False
Is 5711 a composite number?
False
Is 44441 composite?
True
Is 2153 a composite number?
False
Is 126505 composite?
True
Is 1937 composite?
True
Is 7121 a composite number?
False
Is 4009 a prime number?
False
Is 75931 prime?
True
Is 141857 prime?
False
Is 14197 prime?
True
Is 17657 composite?
False
Is 34703 prime?
True
Is 68587 composite?
True
Is 131431 composite?
False
Is 37613 a prime number?
False
Is 756023 composite?
False
Is 26327 prime?
False
Is 35911 composite?
False
Is 4127 a composite number?
False
Is 151841 a composite number?
False
Is 290923 a composite number?
False
Is 14251 a prime number?
True
Is 19447 a composite number?
False
Is 4954 composite?
True
Is 179497 a prime number?
True
Is 11545 composite?
True
Is 14971 a prime number?
False
Is 204973 prime?
True
Is 7789 prime?
True
Is 2018 a prime number?
False
Is 119533 a composite number?
False
Is 24623 a prime number?
True
Is 1841 composite?
True
Is 39281 composite?
True
Is 54361 composite?
False
Is 22061 prime?
False
Is 899849 a composite number?
False
Is 652787 a prime number?
True
Is 7817 prime?
True
Is 65207 prime?
False
Is 4621 composite?
False
Is 1252799 prime?
True
Is 33339 composite?
True
Is 13307 composite?
True
Is 2758465 composite?
True
Is 13241 a composite number?
False
Is 109 a composite number?
False
Is 29343 prime?
False
Is 915391 prime?
True
Is 206495 a prime number?
False
Is 239 prime?
True
Is 300851 a prime number?
True
Is 904639 composite?
True
Is 15971 prime?
True
Is 90655 composite?
True
Is 16919 prime?
False
Is 174197 prime?
True
Is 86971 prime?
False
Is 76919 composite?
False
Is 204987 prime?
False
Is 293 a prime number?
True
Is 21977 prime?
True
Is 1161077 a prime number?
True
Is 407487 a composite number?
True
Is 18269 a composite number?
False
Is 17417 a prime number?
True
Is 11239 prime?
True
Is 31639 a prime number?
False
Is 49807 a prime number?
True
Is 27581 prime?
True
Is 288777 a prime number?
False
Is 305587 prime?
False
Is 47767 a composite number?
True
Is 568003 a composite number?
True
Is 24943 a prime number?
True
Is 921 a prime number?
False
Is 3323 composite?
False
Is 14351 prime?
False
Is 70351 prime?
True
Is 491 prime?
True
Is 1039 composite?
False
Is 8083 prime?
False
Is 27679 a composite number?
True
Is 40559 composite?
False
Is 56569 prime?
True
Is 146945 a composite number?
True
Is 60142 a composite number?
True
Is 234043 a prime number?
True
Is 693487 composite?
False
Is 1530779 prime?
True
Is 16141 a composite number?
False
Is 3821 a composite number?
False
Is 21247 a composite number?
False
Is 19451 composite?
True
Is 101051 composite?
False
Is 1586045 a composite number?
True
Is 8842 composite?
True
Is 169823 composite?
False
Is 297881 a prime number?
True
Is 419 prime?
True
Is 1103 composite?
False
Is 3865 a composite number?
True
Is 26977 composite?
True
Is 25391 prime?
True
Is 12469 prime?
False
Is 3083 a prime number?
True
Is 889 composite?
True
Is 58363 a composite number?
False
Is 11861 prime?
False
Is 4107347 a composite number?
False
Is 1253999 a prime number?
True
Is 31469 composite?
False
Is 35369 composite?
True
Is 40731 prime?
False
Is 2227717 a prime number?
True
Is 102379 prime?
False
Is 7594 a prime number?
False
Is 761633 a prime number?
True
Is 1712111 prime?
False
Is 3761 prime?
True
Is 25735 a composite number?
True
Is 3989 a composite number?
False
Is 4481 a prime number?
True
Is 2789 prime?
True
Is 53077 a prime number?
True
Is 18599 composite?
True
Is 83987 composite?
False
Is 110119 a prime number?
True
Is 5069 a composite number?
True
Is 158827 a composite number?
True
Is 107161 prime?
False
Is 617951 composite?
False
Is 557 a prime number?
True
Is 190571 a composite number?
True
Is 475357 a composite number?
True
Is 6887 composite?
True
Is 191741 a composite number?
True
Is 15619 composite?
False
Is 7697 composite?
True
Is 63977 a composite number?
False
Is 19121 prime?
True
Is 70931 a composite number?
True
Is 20249 a composite number?
False
Is 16613 composite?
True
Is 212081 prime?
True
Is 90631 a composite number?
False
Is 45205 composite?
True
Is 2002471 a composite number?
False
Is 171439 a composite number?
False
Is 317959 a prime number?
True
Is 86161 a composite number?
False
Is 109807 a prime number?
True
Is 51007 composite?
True
Is 500597 prime?
False
Is 836183 composite?
False
Is 681763 a prime number?
True
Is 292363 a composite number?
False
Is 29123 a prime number?
True
Is 161213 composite?
True
Is 577349 a prime number?
True
Is 553633 a composite number?
True
Is 37079 a prime number?
False
Is 1259 prime?
True
Is 19051 prime?
True
Is 120899 a prime number?
True
Is 712463 composite?
True
Is 388317 composite?
True
Is 15161 prime?
True
Is 11179 a prime number?
False
Is 9687 composite?
True
Is 46595 a prime number?
False
Is 1192281 a composite number?
True
Is 31 a composite number?
False
Is 105107 a prime number?
True
Is 2317 composite?
True
Is 2729 composite?
False
Is 59329 a prime number?
False
Is 11437 a composite number?
False
Is 11243 a prime number?
True
Is 139927 a prime number?
False
Is 4201 a prime number?
True
Is 103307 composite?
False
Is 704521 a prime number?
True
Is 2389259 composite?
False
Is 1693 a composite number?
False
Is 140249 prime?
True
Is 424565 a composite number?
True
Is 112641 composite?
True
Is 4213 prime?
False
Is 82085 prime?
False
Is 231779 composite?
False
Is 1399 composite?
False
Is 398171 prime?
True
Is 167179 a composite number?
True
Is 8903 prime?
False
Is 448421 a prime number?
True
Is 293 a prime number?
True
Is 35539 composite?
True
Is 1259 a prime number?
True
Is 130957 prime?
True
Is 85991 a prime number?
True
Is 64373 a prime number?
True
Is 126397 composite?
False
Is 15101 composite?
False
Is 2455 prime?
False
Is 445415 composite?
True
Is 237638 composite?
True
Is 27631 composite?
False
Is 5969 a prime number?
False
Is 42493 a composite number?
True
Is 73867 composite?
False
Is 299 a composite number?
True
Is 128143 a prime number?
False
Is 2963 a prime number?
True
Is 641 a prime number?
True
Is 1073 a prime number?
False
Is 16127 a composite number?
False
Is 47737 composite?
False
Is 50207 a composite number?
False
Is 3991 prime?
False
Is 3431 prime?
False
Is 415733 a composite number?
True
Is 179351 a prime number?
True
Is 3665 a prime number?
False
Is 53917 a prime number?
True
Is 42866 a composite number?
True
Is 867463 prime?
True
Is 6658 composite?
True
Is 42923 a prime number?
True
Is 307 prime?
True
Is 14143 composite?
False
Is 725353 a composite number?
True
Is 108799 a prime number?
True
Is 29611 composite?
False
Is 10991 composite?
True
Is 17411 a composite number?
True
Is 87 prime?
False
Is 174929 a prime number?
True
Is 16493 a composite number?
False
Is 190243 a prime number?
True
Is 93937 a composite number?
False
Is 6467 composite?
True
Is 310643 a prime number?
True
Is 16409 a composite number?
True
Is 1031 co